.
-27
What is 1 + 6 + -17 + (-17 - -3)?
-24
-3 + 8 - (-11 + (2 + -15 - -19))
10
What is the value of (40 - 23) + -37 - (2 + 4 + 1)?
-27
Evaluate 1 - 12 - (61 + -20 - 20 - 17).
-15
-1 + (4 - 15) + 21 - 13
-4
6 + 1 + 5 + -15 + -3
-6
-2 - -12 - (7 - (14 + 7))
24
What is the value of 12 + 8 - -5 - 9?
16
Evaluate -1 - (-14 - (-8 - 2 - (-81 + 82))).
2
Calculate -25 + 0 + 4 + 10 + -4.
-15
Evaluate 0 + -17 + (19 + 14 - -10).
26
4 - -5 - (10 + (-10 - (3 - 7)))
5
What is -2 + 17 + (-69 - -74)?
20
1 - 10 - ((-10 - (13 - 9)) + -3)
8
11 - ((-19 - -21) + 1 + -3 + -2)
13
What is the value of (0 - -46) + -86 + (-61 - -140)?
39
Calculate -19 - (-6 - ((1 - -3) + -7 - -1)).
-15
What is -4 - (-2 - -2 - -3) - 0?
-7
What is (-3 - (-1 - -5) - 2) + (3 - -2)?
-4
8 - (2 + (12 - (6 + -18)))
-18
(54 - 56) + (-2 - (3 + -4))
-3
Evaluate (-1 - -27) + (10 - (54 + -53)).
35
Calculate 14 + 21 - (-85 + 141).
-21
What is the value of -6 - (-11 + 0 - 1) - (-1 + 23)?
-16
What is -4 - (10 + -10 + 3 + 1 + 4)?
-12
12 + (-27 - (-5 - 7)) - (2 + 2)
-7
What is the value of 0 + 1 - 0 - (0 - (-6 + 3))?
-2
What is -20 + 7 - (-30 + 9)?
8
Evaluate (290 - 251) + (-23 - -1).
17
What is the value of (1 + -38 - -20) + 9?
-8
What is the value of 1 + 33 + -5 + (86 - 92)?
23
What is the value of (2 - -2) + (-10 - -1) - 2?
-7
Evaluate 23 + (-2 - (-3 - -3)).
21
(10 - 73 - -36) + -4
-31
What is the value of (50 - (34 - (37 - 19))) + -9?
25
What is -2 + (-6 - (17 + 6) - -5)?
-26
What is 3 + (0 - -2 - -2)?
7
5 + -3 + (-2 - -4) + -2 + 1
3
Evaluate -18 + (15 - 17 - -9).
-11
Calculate 0 + (8 + (-11 - -21 - -16) - 8).
26
-3 - -3 - (4 - -26 - (13 - 18))
-35
0 + -3 + (11 - (27 - 17)) - 15
-17
Calculate -13 - (17 + -12) - -15 - 4.
-7
Calculate -131 + 130 - (10 + -5 + 7).
-13
(41 + -6 - 46) + 3
-8
What is 5 - (10 - (9 + -2))?
2
Evaluate 1250 + -1276 - (-6 + 0 - (-1 - -2)).
-19
What is -8 - (0 - -5 - (24 + -23))?
-12
What is -10 + 5 + -1 + 2 + 8 + -8?
-4
Evaluate 12 + -71 + 50 + -2 + 5 + -3.
-9
What is the value of -1 + -2 + -1 + 1 - (-89 - -84)?
2
Calculate (1 - -2) + 3 + -29 + (-28 - -31).
-20
Evaluate 207 + -208 - (2 + 1).
-4
Calculate 29 + -73 + 15 + 15.
-14
Evaluate (-16 - (-3 + 3) - -4) + -3 - -5.
-10
Evaluate 8 + (10 - (0 + 11)) - 2.
5
What is 1 + 17 + -19 - -10?
9
Calculate (-25 - (-11 - (25 - 19))) + 13 + -1.
4
What is the value of -2 + (26 - -1) + -5 + 43 + -42?
21
Calculate 30 - (-2 - (-11 - (-11 + 7 - 1))).
26
Calculate 24 + -5 + ((7 - -1) + -4 - 5).
18
What is (-4 - (-10 - 2)) + (2 - 8) + -23?
-21
-15 + (-29 - -80) - 62
-26
What is the value of 54 + (36 - 72) - 28?
-10
What is the value of -16 + 10 + (15 + -12 - 14 - -9)?
-8
15 + (-6 + -8 - (-7 - -3))
5
Evaluate 34 + -28 + 18 + 2.
26
What is the value of 13 + -18 + -10 - (-6 + 1) - -2?
-8
What is -33 + 5 + 10 + (24 - 11 - 14)?
-19
Evaluate 44 + (-17 - (49 + -23)).
1
3 - (-1 - (-3 + 1)) - 5
-3
Calculate -12 + 8 + 31 + -6 + (0 - 7).
14
5 + -1 + (8 + -5 - 0)
7
What is (37 - 15) + -57 + 27?
-8
What is the value of -72 + (1 - -35) - -37?
1
What is the value of 11 + -23 - -38 - (4 + -3 - 4)?
29
What is 2 - 0 - (80 - 67) - (-1 + -3)?
-7
27 - ((-20 - -39) + -9)
17
17 - 12 - -4 - 3
6
What is the value of 26 - (5 - (-10 - (-23 + 10)))?
24
Evaluate -38 - (-2 + (-53 + 38 - (-9 - 0))).
-30
(2 - 8) + 49 - 26
17
Evaluate -1 + -15 - (229 + -239).
-6
Evaluate (-1 - 13 - (100 + -102)) + 17.
5
What is -8 - ((3 - 9) + 2 + -6)?
2
Evaluate (-42 - -1) + 63 + (24 - 82).
-36
What is (8 - (-9 - -10)) + -25 + (-3 - -4)?
-17
Evaluate (2 + -1 - 11) + (1 - (8 - 10)).
-7
What is the value of 0 + (-13 + 16 - (1 - -6)) + 1?
-3
Evaluate -1 + -4 + (-9 + -9 - -13) + 9.
-1
What is 17 + (-8 + (-8 - 6) - -10)?
5
Evaluate -8 - (25 + (11 - 24)).
-20
What is -10 + (-9 - (-4 + 4 + -11 + 11))?
-19
Calculate -50 + 54 + (0 - (-2 + -1 + 2)).
5
Evaluate -11 + (20 + -9 - 17) + (-11 - 0).
-28
Calculate (15 - 8) + 18 - (-1 - 1 - 4).
31
What is -9 + (-12 + 0 + 8 - -10)?
-3
What is the value of -29 - (-47 - (24 - 41))?
1
What is -154 + 132 + 36 + 1?
15
Evaluate (30 - 23) + -1 + 4.
10
What is (-3 + -12 - (26 - 31)) + -2 + 1?
-11
Calculate 23 + -6 + (-28 - -28).
17
Evaluate 9 - (-99 + 92 + (9 - (1 - 1))).
7
1 - (-16 - (-12 + 0))
5
What is 9 + -38 + -17 + 5 + 13?
-28
Evaluate 0 - 9 - -7 - 35.
-37
What is (5 - 4) + 3 + (-4 - 4) + 16?
12
What is 1 + 9 - (-1362 + 1391)?
-19
Calculate (-168 - -159) + (5 - (3 + -5)).
-2
-13 + 23 + -8 - (1 + 0 - 9)
10
What is 314 + -325 + 0 + -1?
-12
What is 8 + (17 - 9) - ((11 - 7) + -1)?
13
-1 - (0 + 13) - (1305 - 1311)
-8
What is the value of 4 + -14 + ((1 - 1) + -5 - 3)?
-18
Evaluate (61 - 38) + 7 + 8 + -20.
18
What is the value of (14 - -1) + (-454 - -432)?
-7
What is -5 + 1 + -1 + (18 - 5)?
8
What is -7 - (-20 - (3 + -5) - (-7 + 9))?
13
Calculate 13 - (8 - (16 + -3)) - 5.
13
What is -36 - (15 + 2 - 33)?
-20
What is the value of 0 + -60 - -60 - (0 - (0 - -1))?
1
(19 - 27 - 11) + 35
16
What is the value of -25 + 13 - (-40 - -50)?
-22
(-331 - -326 - (10 + -1)) + (-6 - -1)
-19
What is the value of -11 + -2 + 4 - ((-4 - -1) + 4)?
-10
Evaluate -1 - (3 - (-9 - -6)).
-7
What is (58 - 74) + 8 + 0 + 9?
1
What is 3 + 3 + (-17 - -18 - (1 - -1))?
5
What is 25 + (-6 - 4) - 4 - 27?
-16
20 - (7 + (7 - 5) + -2)
13
What is 19 + -10 + 0 + -2 + 3?
10
What is the value of (-9 - -1) + -6 + 0 + (-135 - -137)?
-12
(18 - 21) + -8 - 10
-21
Evaluate -26 + 0 + (38 - (-10 + 39)).
-17
Evaluate 1 + -4 + -2 + -4 + 33 + -5.
19
35 + (38 - 103) + -2
-32
-36 - -9 - -42 - -4
19
What is (-13 - -11) + -4 + 14 - (2 - -1)?
5
Calculate -3 + (-2 - 2) - (-28 - -5 - -3).
13
(0 - 5 - -16) + -20 + 19
10
What is the value of 33 + -15 + -12 + 3 + -2 + -34?
-27
What is the value of 3 + (-7 - -4 - 3) + (25 - 28)?
-6
What is -1 + -2 - -1 - (-265 + 241)?
22
16 + (-6 - -11 - 15) + (-8 - -13)
11
-2 - (-6 - (5 - 4) - -4)
1
Evaluate (6 - (-6 - -7)) + (-5 - (-12 + -5)).
17
6 + -1 - (16 - 16) - 8 - -3
0
What is 10 + (33 - -1 - 71)?
-27
What is -3 + (-6 - (-9 - -2 - -2 - -11))?
-15
Calculate -5 - -6 - (4 + 15 - 1).
-17
Calculate -13 + (-8 - (-9 - -6)) + 9.
-9
What is (-6 - -1) + 134 + -139?
-10
Calculate -26 + 7 - -24 - -19.
24
What is -19 + 22 + 0 + -23?
-20
Calculate 12 - -1 - (-25 - (13 + -30 + 3)).
24
What is 0 - ((-13 - -15) + -6) - (-1 - 2)?
7
-3 - (-8 - (2 + 4 - 4))
7
What is 24 - (-5 - -6 - -6) - 24?
-7
What is the value of (-24 - -22) + -3 - -2?
-3
Evaluate -2 + 1 + -10 + 14 + 3.
6
Calculate -8 - (5 + (-14 - -2)).
-1
-25 - (-18 - (-34 + 29))
-12
(14 + 9 + -5 - 6) + (2 - -2)
16
Evaluate 1 - (5 + -7 + 2 - 4).
5
What is the value of 9 + -19 + 3 + (0 - 2) + -2?
-11
What is the value of 9 - (45 + (25 - 49))?
-12
Evaluate 0 + 4 + -5 + (2 - -7 - 7).
1
5 + (1 - -4 - 0 - 4 - 5)
1
What is 0 + -10 + 5 + 9 + (1 - 0)?
5
What is -469 + 484 - (-2 - (2 - 48))?
-29
Calculate (-2 - (16 - 23 - (-1 - 5))) + 1.
0
4 + 14 + (-1 - 10) + 3 + -7
3
What is the value of 12 - (-21 - (-7 - 2 - (-37 + 40)))?
21
What is the value of (-1 - 1) + 9 - (-2 + 11 - 15)?
13
Evaluate 22 + (24 - -11) - 31.
26
What is 11 + -6 + 5 + 4 + -16?
-2
Evaluate -128 + 129 + -1 + -12 + 2.
-10
6 + (-15 - (-23 - -24 - (1 + -8)))
-17
-21 + 10 + 28 + -14
3
What is the value of -6 + 2 + -3 + 1 + 5 + 4?
3
Calculate -13 - ((-117 - -133) + 2 + -2).
-29
Evaluate 13 + (1 - 7) + -4 + 11.
14
What is (0 - -21) + (50 + -41 - (-2 - -13))?
19
Calculate 14 - (-33 - (-32 - 9)).
6
What is the value of -1 + 0 - 2 - (-16 - -15) - -6?
4
What is 2032 + -2026 + 2 + 7 + -1 + -1?
13
What is (-36 - -45) + -14 + (-1 - -2)?
-4
What is the value of 11 - (-2 - (-16 - -24 - 10))?
11
What is -3 - ((26 - (-8 + 24)) + -24)?
11
What is the value of -1 - (-2 - 3) - (4 - (4 + -4))?
0
Calculate 2 - (-3 - (-7 + -1)) - 6.
-9
What is 14 + -3 + -4 + -2 + 14?
19
21 - (-17 + 36) - (-1 - 3)
6
What is 2 + (-9 + 14 - 1) + (-10 - 1)?
-5
Evaluate 10 + (11 - (35 + -27)).
13
Calculate (1 - 6) + -10 + 8 + -4.
-11
8 - (9 + 1 + 2) - -5
1
What is 2 + (2 - -6) + -9 + (14 - 0)?
15
What is (21 + -4 - 17) + -15 + 3?
-12
What is (-2 - 0) + (-2 - 9 - -3 - -8)?
-2
(10 - 1) + -11 + 13
11
What is the value of 31 + -25 + 2 + -5 + 21?
24
Evaluate (12 - 1) + (16 - 11) - 14.
2
Evaluate 24 + -39 - ((-1 - 3) + 8).
-19
What is the value of 8 - (23 - 28 - (-2 + 4))?
15
Calculate (6 - -4) + -21 + (5 + -10 - -5).
-11
Evaluate -1 + -7 + -5 + 2